hat is the remainder when q(g) is divided by 8?
1
Let z(v) = -v + 11. Let u be z(10). Let x(j) = 43*j**3 - 4*j**2 + 2*j. Calculate the remainder when 1 + -36*27/(-6) is divided by x(u).
40
Let f = -3443 + 5955. What is the remainder when f is divided by 6?
4
Suppose 4*a = 4*t + 8, -3*t + 5 = 3*a - 13. Suppose 0 = a*b - b - 183. Let u = 77 - b. What is the remainder when 60 is divided by u?
12
What is the remainder when 128/(-144) + 36270/162 is divided by 36?
7
Let k(y) = y**3 - 6*y**2 + 6*y + 4. Let m be k(5). Let b be 0/((-1 + -1)*-1). Suppose b = -m*x + 413 + 73. Calculate the remainder when 160 is divided by x.
52
Suppose -z = 4*n + 355, -11*n = z - 15*n + 371. Let h = z + 396. What is the remainder when 196 is divided by h?
31
Calculate the remainder when ((-528)/(-32))/(3/32) is divided by 100.
76
Suppose 2*h - 322 = 3*g, -759 = -5*h + 26*g - 30*g. Suppose -2*s = -4*c - 5*s + 233, -s = 3*c - 176. Calculate the remainder when h is divided by c.
37
Suppose -4691 = -114*g + 1237. What is the remainder when 147 is divided by g?
43
Calculate the remainder when 1385 is divided by (-469 - 24/(-3))/(((-2)/(-2))/(-1)).
2
Suppose -44*d + 20389 = -41640 - 18271. Calculate the remainder when d is divided by 16.
1
Let o(r) = 7*r**2 - 117*r - 1333. Calculate the remainder when o(-10) is divided by 92.
77
Let g be (14 - 11)/((-6)/70). Let a(s) = s**3 + 35*s**2 - 4*s + 111. What is the remainder when a(g) is divided by 18?
17
Suppose 9*l - 47 - 403 = 0. Suppose -43*t = -l*t + 1624. What is the remainder when t is divided by 13?
11
Let h(m) be the first derivative of 2*m**3 - 31*m**2/2 - 8*m - 85. Calculate the remainder when h(-7) is divided by 18.
17
Suppose a = 6*a + 175. Let k = a - -49. Let t = 1645 + -1550. Calculate the remainder when t is divided by k.
11
Let d = -1623 + 1115. Let b = -493 - d. Calculate the remainder when 102 is divided by b.
12
Let j be (-1)/(-2) - (-54)/(-12). Suppose -2*x + o + 13 = 0, 0 = 4*x + 5*o - 8 + 3. What is the remainder when 6/j + 136/16 is divided by x?
2
Let d = 4554 + -4262. What is the remainder when d is divided by 108?
76
Let q(w) = 6*w**3 + w**2 - 4*w + 2. Calculate the remainder when q(3) is divided by -1*3 - (-627)/11.
53
Suppose -3*i = -5*b - 14, 4 - 12 = 2*b. Let u(k) = -16*k - 5 - 12*k + 5*k + 6. Calculate the remainder when u(i) is divided by 16.
15
Suppose 18*h = 25*h + 119. Let c(t) = 6*t + 144. What is the remainder when 151 is divided by c(h)?
25
Let z = 9055 + -8921. Calculate the remainder when 3480 is divided by z.
130
Suppose -32*q + 595 = 566 - 2115. Calculate the remainder when 244 is divided by q.
43
Suppose 5*x + 116 = 4*r - 7, 3*x = -r - 84. Suppose -5*j = -2*a - 224, -13*j + 136 = -10*j - 2*a. Calculate the remainder when j is divided by (2/(-6))/(1/x).
8
Suppose -18*g = -35*g + 3485. Calculate the remainder when g is divided by (-10)/15 + (-276)/(-9).
25
Let j be -3 - -9 - (2 + -1). Suppose -k = 0, -2*q = -j*q + 4*k. What is the remainder when 29 is divided by q + (-220)/(-14) - 12/(-42)?
13
Suppose -14*j + 9*j = 2*o - 3, -2*o + j + 21 = 0. Let h(r) = r**3 - 15*r**2 + 2*r + 12. What is the remainder when h(15) is divided by o?
6
Suppose -3*f - 2*f + 90 = 0. Let i = f - 8. Suppose 0*q - q - 4*l + 39 = 0, -5*l - 39 = -2*q. Calculate the remainder when q is divided by i.
7
Suppose 3*w = -3*c - 18, -3*w = 5*c + 8 + 6. Let g(x) = 2*x**2 + 10*x - 15. Let b be g(w). Suppose 6 = 3*o - b. What is the remainder when 43 is divided by o?
4
Let w(p) = -p + 26. Let u be w(24). Suppose -u + 8 = 6*s. What is the remainder when 21 is divided by (-11)/2*s*(1 - 3)?
10
Suppose -4*t - 3*y + 778 = -4120, -3*t + 3717 = -5*y. Calculate the remainder when t is divided by 94.
7
Let b(n) be the second derivative of 2*n**4/3 - 2*n**3/3 + n**2 - 238*n. Calculate the remainder when b(2) is divided by 18.
8
Let b = -2342 + 2361. Suppose 16 = 2*m - 3*i - 6, 0 = -4*m - 3*i + 44. What is the remainder when b is divided by m?
8
Let m(a) = 15*a**2 + 493*a - 74. What is the remainder when m(-34) is divided by 13?
10
Suppose -5*y - 9264 = -29*y + 8*y. What is the remainder when y is divided by 198?
183
Let w = 3021 + -2578. What is the remainder when w is divided by 21?
2
Suppose 2*u + 374 = 5*x, -4*x + 4*u + 172 = -2*x. What is the remainder when 507 is divided by x?
3
Let o(c) = c**2 + 8*c - 148. Let t be o(9). Suppose -3*w + t*b + 48 + 0 = 0, 4*b - 10 = -2*w. Calculate the remainder when 31 is divided by w.
9
Let r = -5373 + 5623. What is the remainder when 523 is divided by r?
23
Suppose -2*q + 0 = 2, 0 = -2*l - 4*q. Suppose l*c = 6 + 2. Suppose 0 = 6*d - 13 - 53. Calculate the remainder when d is divided by c.
3
Let x(p) be the second derivative of -5*p**3/2 + 3*p**2 - 3*p + 8. Calculate the remainder when 63 is divided by x(0).
3
Let o(c) = 257*c**2 - 5*c - 6. Let r be o(-2). Suppose -r = -297*z + 285*z. What is the remainder when z is divided by 40?
6
Suppose -2*m - 91 = -9. Suppose -5*t = -3*z - 249, -z = -145*t + 149*t - 189. Let p = t + m. Calculate the remainder when 17 is divided by p.
3
Suppose 169*j = 172*j + 4*t - 101, 5*j + 4*t = 187. Calculate the remainder when 235 is divided by j.
20
Let n = -81 + 115. Calculate the remainder when n is divided by ((286/22)/(-39))/(1/(-21)).
6
Let a(h) = -h**2 - 36*h + 787. What is the remainder when 411 is divided by a(14)?
63
Let t = 31566 + -31462. Suppose w = 4*w - 81. Calculate the remainder when t is divided by w.
23
Suppose -3*k - 13 = -4*y - 8*k, y = 2*k. Suppose -4*v + 80 = -4*q - 0*q, -v = -y*q - 16. What is the remainder when 44 is divided by v?
20
Suppose -z + 28 = -5*j, 4*j - z + 28 = -3*z. Calculate the remainder when 88 is divided by 8/12*j - (-12 + -2).
8
Suppose -2*b = 3*b - t - 3128, b - 6*t = 614. Calculate the remainder when b is divided by 123.
11
Suppose 11*j - 36 = 5*j. Let q = -28 - -49. What is the remainder when ((-134)/(-6) + -3)/(2/j) is divided by q?
16
Let y = -5451 - -5598. Calculate the remainder when y is divided by 133.
14
Let y(z) = 764*z - 1011. Calculate the remainder when y(2) is divided by 77.
55
Let l(y) = -34*y - 15. What is the remainder when l(-12) is divided by -22 + 20 + 0 + 46?
41
Suppose -4*c + 5*l = 0, -2*l = -c - 0*c. Suppose -2*m + 4*m - 20 = c. Suppose 0*n = -3*n + 117. Calculate the remainder when n is divided by m.
9
Let z(t) = 7*t - 30. Let x be z(5). Suppose 2*n + n - 71 = -y, -x*n + 119 = y. Calculate the remainder when n is divided by 15.
9
Let o = -2861 + 2974. What is the remainder when 3048 is divided by o?
110
Let y(a) = a**3 - 7*a**2 - 2*a + 11. Let z = -134 + 142. Let w be y(z). Let k = w - 18. Calculate the remainder when k is divided by 14.
13
Let m be (-3)/(-7) + 64/14. Suppose 8*p + 10 = 2*j + 4*p, -5*p = -m*j + 25. Suppose 6*t - 5*t - j = 0. Calculate the remainder when 18 is divided by t.
3
Suppose -q = -3*j - 124, -2*q + 318*j - 314*j = -244. Calculate the remainder when q is divided by 56.
6
What is the remainder when 38*(-34)/(-3553) - (-41484)/22 is divided by 111?
110
Suppose -32*t - 241*t = -16926. Calculate the remainder when 556 is divided by t.
60
Let l(c) = -247*c - 322. Calculate the remainder when l(-2) is divided by 36.
28
Let x = -10557 + 14566. Calculate the remainder when x is divided by 1331.
16
Let w(i) = -107*i + 436. Let a be w(4). Let b = 16 - 2. Suppose -b*n + 126 = -a*n. What is the remainder when 56 is divided by n?
14
Suppose 42*x = 33*x + 9. What is the remainder when -15*1/(-3)*x + -1 is divided by 3?
1
Let w be (9/6*-2)/((-6)/366). Suppose -172 - w = -5*b. Let h = 250 - b. What is the remainder when h is divided by 14?
11
Suppose 13826 + 7966 = 8*w - 13760. What is the remainder when w is divided by 77?
55
Let c(s) = -s**3 + 34*s**2 - 29*s - 162. Let y be c(33). Suppose -a + 6 = -38. Let i = a + y. What is the remainder when 51 is divided by i?
9
Let c = -2783 + 3049. What is the remainder when c is divided by 89?
88
Suppose o + 4*b - 4 = -o, 3*o - 3 = -3*b. Suppose o = -10*n + 5*n + 585. Calculate the remainder when n is divided by 8.
5
Suppose -5*m - 2*b + 6 = 0, -4*m = 2*b - 7*b - 18. Suppose 4*y - 27 = -l, l = m*l - 4*y - 59. What is the remainder when 75 - (1 + -2 - 4) is divided by l?
37
What is the remainder when 269 is divided by (2 - 3)*(102/(-1) + 7)?
79
Let l = 11